{"id":165,"date":"2025-07-03T21:52:40","date_gmt":"2025-07-03T21:52:40","guid":{"rendered":"https:\/\/cdcajasdetransmision.com\/?product=leather-clad-leisure-chair"},"modified":"2025-10-23T13:53:57","modified_gmt":"2025-10-23T13:53:57","slug":"leather-clad-leisure-chair","status":"publish","type":"product","link":"https:\/\/cdcajasdetransmision.com\/?product=leather-clad-leisure-chair","title":{"rendered":"Caja C-048 MLR (Manga Larga Reforzada)"},"content":{"rendered":"<p><span style=\"font-weight: 400;\">\u00a0La caja C-048 MLR est\u00e1 especialmente dise\u00f1ada para desmalezadoras articuladas de arrastre de uso vial. Su eje m\u00e1s largo y estructura reforzada permiten mayor resistencia y durabilidad en condiciones exigentes.<\/span><\/p>\n<p><b>Caracter\u00edsticas:<\/b><\/p>\n<ul>\n<li style=\"font-weight: 400;\" aria-level=\"1\"><span style=\"font-weight: 400;\">Relaci\u00f3n: 1:1,5<\/span><span style=\"font-weight: 400;\"><br \/>\n<\/span><\/li>\n<li style=\"font-weight: 400;\" aria-level=\"1\"><span style=\"font-weight: 400;\">Potencia m\u00e1xima: 90 HP<\/span><span style=\"font-weight: 400;\"><br \/>\n<\/span><\/li>\n<li style=\"font-weight: 400;\" aria-level=\"1\"><span style=\"font-weight: 400;\">200 mm m\u00e1s de manga que el modelo est\u00e1ndar<\/span><span style=\"font-weight: 400;\"><br \/>\n<\/span><\/li>\n<li style=\"font-weight: 400;\" aria-level=\"1\"><span style=\"font-weight: 400;\">Cuerpo de fundici\u00f3n reforzado<\/span>&nbsp;<\/li>\n<\/ul>\n<p><b>Aplicaciones:<\/b><b><br \/>\n<\/b><span style=\"font-weight: 400;\"> Desmalezadoras articuladas de arrastre para trabajos viales, combinadas con caja principal C-036.<\/span><\/p>\n","protected":false},"excerpt":{"rendered":"<p>\u00a0La caja C-048 MLR est\u00e1 especialmente dise\u00f1ada para desmalezadoras articuladas de arrastre de uso vial. Su eje m\u00e1s largo y estructura reforzada permiten mayor resistencia y durabilidad en condiciones exigentes. Caracter\u00edsticas: Relaci\u00f3n: 1:1,5 Potencia m\u00e1xima: 90 HP 200 mm m\u00e1s de manga que el modelo est\u00e1ndar Cuerpo de fundici\u00f3n reforzado&nbsp; Aplicaciones: Desmalezadoras articuladas de arrastre [&hellip;]<\/p>\n","protected":false},"featured_media":352,"template":"","meta":{"_et_pb_use_builder":"","_et_pb_old_content":"","_et_gb_content_width":""},"product_brand":[],"product_cat":[29],"product_tag":[],"class_list":{"0":"post-165","1":"product","2":"type-product","3":"status-publish","4":"has-post-thumbnail","6":"product_cat-desmalezadoras","8":"first","9":"instock","10":"shipping-taxable","11":"purchasable","12":"product-type-simple"},"yoast_head":"<!-- This site is optimized with the Yoast SEO plugin v25.4 - https:\/\/yoast.com\/wordpress\/plugins\/seo\/ -->\n<title>Caja C-048 MLR (Manga Larga Reforzada) - CD Cajas de Transminsiones - GDr<\/title>\n<meta name=\"robots\" content=\"index, follow, max-snippet:-1, max-image-preview:large, max-video-preview:-1\" \/>\n<link rel=\"canonical\" href=\"https:\/\/cdcajasdetransmision.com\/?product=leather-clad-leisure-chair\" \/>\n<meta property=\"og:locale\" content=\"es_ES\" \/>\n<meta property=\"og:type\" content=\"article\" \/>\n<meta property=\"og:title\" content=\"Caja C-048 MLR (Manga Larga Reforzada) - CD Cajas de Transminsiones - GDr\" \/>\n<meta property=\"og:description\" content=\"\u00a0La caja C-048 MLR est\u00e1 especialmente dise\u00f1ada para desmalezadoras articuladas de arrastre de uso vial. Su eje m\u00e1s largo y estructura reforzada permiten mayor resistencia y durabilidad en condiciones exigentes. Caracter\u00edsticas: Relaci\u00f3n: 1:1,5 Potencia m\u00e1xima: 90 HP 200 mm m\u00e1s de manga que el modelo est\u00e1ndar Cuerpo de fundici\u00f3n reforzado&nbsp; Aplicaciones: Desmalezadoras articuladas de arrastre [&hellip;]\" \/>\n<meta property=\"og:url\" content=\"https:\/\/cdcajasdetransmision.com\/?product=leather-clad-leisure-chair\" \/>\n<meta property=\"og:site_name\" content=\"CD Cajas de Transminsiones - GDr\" \/>\n<meta property=\"article:modified_time\" content=\"2025-10-23T13:53:57+00:00\" \/>\n<meta property=\"og:image\" content=\"https:\/\/cdcajasdetransmision.com\/wp-content\/uploads\/2025\/07\/PhotoRoom-20240906_093832-1024x768.png\" \/>\n\t<meta property=\"og:image:width\" content=\"1024\" \/>\n\t<meta property=\"og:image:height\" content=\"768\" \/>\n\t<meta property=\"og:image:type\" content=\"image\/png\" \/>\n<meta name=\"twitter:card\" content=\"summary_large_image\" \/>\n<meta name=\"twitter:label1\" content=\"Tiempo de lectura\" \/>\n\t<meta name=\"twitter:data1\" content=\"1 minuto\" \/>\n<script type=\"application\/ld+json\" class=\"yoast-schema-graph\">{\"@context\":\"https:\/\/schema.org\",\"@graph\":[{\"@type\":\"WebPage\",\"@id\":\"https:\/\/cdcajasdetransmision.com\/?product=leather-clad-leisure-chair\",\"url\":\"https:\/\/cdcajasdetransmision.com\/?product=leather-clad-leisure-chair\",\"name\":\"Caja C-048 MLR (Manga Larga Reforzada) - CD Cajas de Transminsiones - GDr\",\"isPartOf\":{\"@id\":\"https:\/\/cdcajasdetransmision.com\/#website\"},\"primaryImageOfPage\":{\"@id\":\"https:\/\/cdcajasdetransmision.com\/?product=leather-clad-leisure-chair#primaryimage\"},\"image\":{\"@id\":\"https:\/\/cdcajasdetransmision.com\/?product=leather-clad-leisure-chair#primaryimage\"},\"thumbnailUrl\":\"https:\/\/cdcajasdetransmision.com\/wp-content\/uploads\/2025\/07\/PhotoRoom-20240906_093832.png\",\"datePublished\":\"2025-07-03T21:52:40+00:00\",\"dateModified\":\"2025-10-23T13:53:57+00:00\",\"breadcrumb\":{\"@id\":\"https:\/\/cdcajasdetransmision.com\/?product=leather-clad-leisure-chair#breadcrumb\"},\"inLanguage\":\"es\",\"potentialAction\":[{\"@type\":\"ReadAction\",\"target\":[\"https:\/\/cdcajasdetransmision.com\/?product=leather-clad-leisure-chair\"]}]},{\"@type\":\"ImageObject\",\"inLanguage\":\"es\",\"@id\":\"https:\/\/cdcajasdetransmision.com\/?product=leather-clad-leisure-chair#primaryimage\",\"url\":\"https:\/\/cdcajasdetransmision.com\/wp-content\/uploads\/2025\/07\/PhotoRoom-20240906_093832.png\",\"contentUrl\":\"https:\/\/cdcajasdetransmision.com\/wp-content\/uploads\/2025\/07\/PhotoRoom-20240906_093832.png\",\"width\":2000,\"height\":1500},{\"@type\":\"BreadcrumbList\",\"@id\":\"https:\/\/cdcajasdetransmision.com\/?product=leather-clad-leisure-chair#breadcrumb\",\"itemListElement\":[{\"@type\":\"ListItem\",\"position\":1,\"name\":\"Portada\",\"item\":\"https:\/\/cdcajasdetransmision.com\/\"},{\"@type\":\"ListItem\",\"position\":2,\"name\":\"Productos\",\"item\":\"https:\/\/cdcajasdetransmision.com\/?page_id=175\"},{\"@type\":\"ListItem\",\"position\":3,\"name\":\"Caja C-048 MLR (Manga Larga Reforzada)\"}]},{\"@type\":\"WebSite\",\"@id\":\"https:\/\/cdcajasdetransmision.com\/#website\",\"url\":\"https:\/\/cdcajasdetransmision.com\/\",\"name\":\"CD Cajas de Transminsiones - GDr\",\"description\":\"SOMOS PROVEEDORES DE INDUTRIAS METALURGICAS. FABRICANTE DE IMPLEMENTOS AGRICOLAS Y MAQUINARIAS DONDE SE REQUIERA TRANSMISION MECANICA DE POTENCIA , LINEAL O ANGULAR.\",\"potentialAction\":[{\"@type\":\"SearchAction\",\"target\":{\"@type\":\"EntryPoint\",\"urlTemplate\":\"https:\/\/cdcajasdetransmision.com\/?s={search_term_string}\"},\"query-input\":{\"@type\":\"PropertyValueSpecification\",\"valueRequired\":true,\"valueName\":\"search_term_string\"}}],\"inLanguage\":\"es\"}]}<\/script>\n<!-- \/ Yoast SEO plugin. -->","yoast_head_json":{"title":"Caja C-048 MLR (Manga Larga Reforzada) - CD Cajas de Transminsiones - GDr","robots":{"index":"index","follow":"follow","max-snippet":"max-snippet:-1","max-image-preview":"max-image-preview:large","max-video-preview":"max-video-preview:-1"},"canonical":"https:\/\/cdcajasdetransmision.com\/?product=leather-clad-leisure-chair","og_locale":"es_ES","og_type":"article","og_title":"Caja C-048 MLR (Manga Larga Reforzada) - CD Cajas de Transminsiones - GDr","og_description":"\u00a0La caja C-048 MLR est\u00e1 especialmente dise\u00f1ada para desmalezadoras articuladas de arrastre de uso vial. Su eje m\u00e1s largo y estructura reforzada permiten mayor resistencia y durabilidad en condiciones exigentes. Caracter\u00edsticas: Relaci\u00f3n: 1:1,5 Potencia m\u00e1xima: 90 HP 200 mm m\u00e1s de manga que el modelo est\u00e1ndar Cuerpo de fundici\u00f3n reforzado&nbsp; Aplicaciones: Desmalezadoras articuladas de arrastre [&hellip;]","og_url":"https:\/\/cdcajasdetransmision.com\/?product=leather-clad-leisure-chair","og_site_name":"CD Cajas de Transminsiones - GDr","article_modified_time":"2025-10-23T13:53:57+00:00","og_image":[{"width":1024,"height":768,"url":"https:\/\/cdcajasdetransmision.com\/wp-content\/uploads\/2025\/07\/PhotoRoom-20240906_093832-1024x768.png","type":"image\/png"}],"twitter_card":"summary_large_image","twitter_misc":{"Tiempo de lectura":"1 minuto"},"schema":{"@context":"https:\/\/schema.org","@graph":[{"@type":"WebPage","@id":"https:\/\/cdcajasdetransmision.com\/?product=leather-clad-leisure-chair","url":"https:\/\/cdcajasdetransmision.com\/?product=leather-clad-leisure-chair","name":"Caja C-048 MLR (Manga Larga Reforzada) - CD Cajas de Transminsiones - GDr","isPartOf":{"@id":"https:\/\/cdcajasdetransmision.com\/#website"},"primaryImageOfPage":{"@id":"https:\/\/cdcajasdetransmision.com\/?product=leather-clad-leisure-chair#primaryimage"},"image":{"@id":"https:\/\/cdcajasdetransmision.com\/?product=leather-clad-leisure-chair#primaryimage"},"thumbnailUrl":"https:\/\/cdcajasdetransmision.com\/wp-content\/uploads\/2025\/07\/PhotoRoom-20240906_093832.png","datePublished":"2025-07-03T21:52:40+00:00","dateModified":"2025-10-23T13:53:57+00:00","breadcrumb":{"@id":"https:\/\/cdcajasdetransmision.com\/?product=leather-clad-leisure-chair#breadcrumb"},"inLanguage":"es","potentialAction":[{"@type":"ReadAction","target":["https:\/\/cdcajasdetransmision.com\/?product=leather-clad-leisure-chair"]}]},{"@type":"ImageObject","inLanguage":"es","@id":"https:\/\/cdcajasdetransmision.com\/?product=leather-clad-leisure-chair#primaryimage","url":"https:\/\/cdcajasdetransmision.com\/wp-content\/uploads\/2025\/07\/PhotoRoom-20240906_093832.png","contentUrl":"https:\/\/cdcajasdetransmision.com\/wp-content\/uploads\/2025\/07\/PhotoRoom-20240906_093832.png","width":2000,"height":1500},{"@type":"BreadcrumbList","@id":"https:\/\/cdcajasdetransmision.com\/?product=leather-clad-leisure-chair#breadcrumb","itemListElement":[{"@type":"ListItem","position":1,"name":"Portada","item":"https:\/\/cdcajasdetransmision.com\/"},{"@type":"ListItem","position":2,"name":"Productos","item":"https:\/\/cdcajasdetransmision.com\/?page_id=175"},{"@type":"ListItem","position":3,"name":"Caja C-048 MLR (Manga Larga Reforzada)"}]},{"@type":"WebSite","@id":"https:\/\/cdcajasdetransmision.com\/#website","url":"https:\/\/cdcajasdetransmision.com\/","name":"CD Cajas de Transminsiones - GDr","description":"SOMOS PROVEEDORES DE INDUTRIAS METALURGICAS. FABRICANTE DE IMPLEMENTOS AGRICOLAS Y MAQUINARIAS DONDE SE REQUIERA TRANSMISION MECANICA DE POTENCIA , LINEAL O ANGULAR.","potentialAction":[{"@type":"SearchAction","target":{"@type":"EntryPoint","urlTemplate":"https:\/\/cdcajasdetransmision.com\/?s={search_term_string}"},"query-input":{"@type":"PropertyValueSpecification","valueRequired":true,"valueName":"search_term_string"}}],"inLanguage":"es"}]}},"_links":{"self":[{"href":"https:\/\/cdcajasdetransmision.com\/index.php?rest_route=\/wp\/v2\/product\/165","targetHints":{"allow":["GET"]}}],"collection":[{"href":"https:\/\/cdcajasdetransmision.com\/index.php?rest_route=\/wp\/v2\/product"}],"about":[{"href":"https:\/\/cdcajasdetransmision.com\/index.php?rest_route=\/wp\/v2\/types\/product"}],"wp:featuredmedia":[{"embeddable":true,"href":"https:\/\/cdcajasdetransmision.com\/index.php?rest_route=\/wp\/v2\/media\/352"}],"wp:attachment":[{"href":"https:\/\/cdcajasdetransmision.com\/index.php?rest_route=%2Fwp%2Fv2%2Fmedia&parent=165"}],"wp:term":[{"taxonomy":"product_brand","embeddable":true,"href":"https:\/\/cdcajasdetransmision.com\/index.php?rest_route=%2Fwp%2Fv2%2Fproduct_brand&post=165"},{"taxonomy":"product_cat","embeddable":true,"href":"https:\/\/cdcajasdetransmision.com\/index.php?rest_route=%2Fwp%2Fv2%2Fproduct_cat&post=165"},{"taxonomy":"product_tag","embeddable":true,"href":"https:\/\/cdcajasdetransmision.com\/index.php?rest_route=%2Fwp%2Fv2%2Fproduct_tag&post=165"}],"curies":[{"name":"wp","href":"https:\/\/api.w.org\/{rel}","templated":true}]}}