{"id":23,"date":"2025-07-02T12:25:04","date_gmt":"2025-07-02T12:25:04","guid":{"rendered":"https:\/\/cdcajasdetransmision.com\/?page_id=23"},"modified":"2026-01-28T14:30:29","modified_gmt":"2026-01-28T14:30:29","slug":"23-2","status":"publish","type":"page","link":"https:\/\/cdcajasdetransmision.com\/","title":{"rendered":"Home"},"content":{"rendered":"<p>[et_pb_section fb_built=\u00bb1&#8243; fullwidth=\u00bbon\u00bb _builder_version=\u00bb4.27.4&#8243; _module_preset=\u00bbdefault\u00bb background_enable_image=\u00bboff\u00bb global_colors_info=\u00bb{}\u00bb][et_pb_fullwidth_slider use_bg_overlay=\u00bboff\u00bb _builder_version=\u00bb4.27.4&#8243; _module_preset=\u00bbdefault\u00bb header_font=\u00bb&#8211;et_global_body_font|800|||||||\u00bb body_font=\u00bb|700|||||||\u00bb custom_button=\u00bbon\u00bb button_bg_color=\u00bb#E02B20&#8243; height=\u00bb80vh\u00bb hover_enabled=\u00bb0&#8243; custom_css_slide_image=\u00bbmax-width: 675;\u00bb header_text_shadow_style=\u00bbpreset5&#8243; header_text_shadow_horizontal_length=\u00bb-0.01em\u00bb header_text_shadow_blur_strength=\u00bb0.5em\u00bb header_text_shadow_color=\u00bb#000000&#8243; global_colors_info=\u00bb{}\u00bb sticky_enabled=\u00bb0&#8243;][et_pb_slide heading=\u00bbSOMOS PROVEEDORES DE INDUSTRIAS\u00bb button_text=\u00bbVer Productos\u00bb image=\u00bbhttps:\/\/cdcajasdetransmision.com\/wp-content\/uploads\/2025\/07\/logo-e1753968836684.png\u00bb _builder_version=\u00bb4.27.4&#8243; _module_preset=\u00bbdefault\u00bb background_color=\u00bbgcid-06c4fb61-602a-4769-9e1f-2f335c2b74d4&#8243; background_enable_color=\u00bbon\u00bb background_image=\u00bbhttps:\/\/cdcajasdetransmision.com\/wp-content\/uploads\/2026\/01\/Gemini_Generated_Image_lqd99zlqd99zlqd9-scaled-e1769610523423.png\u00bb background_enable_image=\u00bbon\u00bb background_blend=\u00bbluminosity\u00bb background_enable_mask_style=\u00bbon\u00bb background_mask_style=\u00bbcaret\u00bb background_mask_color=\u00bb#FFFFFF\u00bb background_mask_aspect_ratio=\u00bbportrait\u00bb background_mask_size=\u00bbcustom\u00bb background_mask_width=\u00bb100%\u00bb width=\u00bb100%\u00bb max_width=\u00bb100%\u00bb hover_enabled=\u00bb0&#8243; global_colors_info=\u00bb{%22gcid-06c4fb61-602a-4769-9e1f-2f335c2b74d4%22:%91%22background_color%22%93}\u00bb sticky_transition=\u00bbon\u00bb title_text=\u00bbGemini_Generated_Image_lqd99zlqd99zlqd9&#8243; sticky_enabled=\u00bb0&#8243;][\/et_pb_slide][et_pb_slide heading=\u00bbTE OFRECEMOS EXPERIENCIA Y CONOCIMIENTO T\u00c9CNICO\u00bb button_text=\u00bbVer Productos\u00bb image=\u00bbhttps:\/\/cdcajasdetransmision.com\/wp-content\/uploads\/2025\/07\/GDR-COLOR.png\u00bb _builder_version=\u00bb4.27.4&#8243; _module_preset=\u00bbdefault\u00bb background_color=\u00bbgcid-06c4fb61-602a-4769-9e1f-2f335c2b74d4&#8243; background_enable_color=\u00bbon\u00bb background_image=\u00bbhttps:\/\/cdcajasdetransmision.com\/wp-content\/uploads\/2026\/01\/Gemini_Generated_Image_n54724n54724n547-scaled-e1769610344138.png\u00bb background_enable_image=\u00bbon\u00bb background_blend=\u00bbluminosity\u00bb background_enable_mask_style=\u00bbon\u00bb background_mask_style=\u00bbarch\u00bb background_mask_color=\u00bb#FFFFFF\u00bb background_mask_aspect_ratio=\u00bbportrait\u00bb background_mask_size=\u00bbcover\u00bb hover_enabled=\u00bb0&#8243; global_colors_info=\u00bb{%22gcid-06c4fb61-602a-4769-9e1f-2f335c2b74d4%22:%91%22background_color%22%93}\u00bb sticky_transition=\u00bbon\u00bb title_text=\u00bbGemini_Generated_Image_n54724n54724n547&#8243; sticky_enabled=\u00bb0&#8243;][\/et_pb_slide][\/et_pb_fullwidth_slider][\/et_pb_section][et_pb_section fb_built=\u00bb1&#8243; admin_label=\u00bbServices\u00bb _builder_version=\u00bb4.27.4&#8243; _module_preset=\u00bbdefault\u00bb background_enable_color=\u00bboff\u00bb use_background_color_gradient=\u00bbon\u00bb background_color_gradient_stops=\u00bbgcid-06c4fb61-602a-4769-9e1f-2f335c2b74d4 0%|rgba(216,216,216,0) 100%\u00bb custom_padding=\u00bb||114px|||\u00bb locked=\u00bboff\u00bb global_colors_info=\u00bb{%22gcid-ae51d324-17c0-4ab4-9e2b-ed36d9e113ff%22:%91%22background_color_gradient_stops%22%93,%22gcid-06c4fb61-602a-4769-9e1f-2f335c2b74d4%22:%91%22background_color_gradient_stops%22%93}\u00bb][et_pb_row column_structure=\u00bb1_2,1_2&#8243; use_custom_gutter=\u00bbon\u00bb gutter_width=\u00bb2&#8243; make_equal=\u00bbon\u00bb _builder_version=\u00bb4.27.4&#8243; animation_style=\u00bbslide\u00bb animation_direction=\u00bbbottom\u00bb global_module=\u00bb297&#8243; locked=\u00bboff\u00bb global_colors_info=\u00bb{}\u00bb][et_pb_column type=\u00bb1_2&#8243; _builder_version=\u00bb4.27.4&#8243; background_color=\u00bb#ffffff\u00bb custom_padding=\u00bb40px|40px|40px|40px|true|true\u00bb custom_padding_tablet=\u00bb\u00bb custom_padding_phone=\u00bb|20px||20px|true|true\u00bb custom_padding_last_edited=\u00bbon|phone\u00bb box_shadow_style=\u00bbpreset3&#8243; box_shadow_vertical=\u00bb26px\u00bb box_shadow_blur=\u00bb90px\u00bb box_shadow_spread=\u00bb-14px\u00bb box_shadow_color=\u00bbrgba(0,71,214,0.18)\u00bb global_colors_info=\u00bb{}\u00bb box_shadow_vertical__hover=\u00bb10px\u00bb box_shadow_vertical__hover_enabled=\u00bboff\u00bb box_shadow_blur__hover=\u00bb20px\u00bb box_shadow_blur__hover_enabled=\u00bboff\u00bb box_shadow_color__hover=\u00bb#2585b2&#8243; transform_styles__hover_enabled=\u00bbon\u00bb transform_scale__hover_enabled=\u00bbon\u00bb transform_translate__hover_enabled=\u00bbon\u00bb transform_rotate__hover_enabled=\u00bbon\u00bb transform_skew__hover_enabled=\u00bbon\u00bb transform_origin__hover_enabled=\u00bbon\u00bb transform_scale__hover=\u00bb107%|107%\u00bb][et_pb_blurb title=\u00bbPotencia y Precisi\u00f3n en Movimiento.\u00bb image=\u00bbhttps:\/\/cdcajasdetransmision.com\/wp-content\/uploads\/2025\/07\/logo-e1753968836684.png\u00bb _builder_version=\u00bb4.27.4&#8243; header_font=\u00bbHeebo|800|||||||\u00bb header_font_size=\u00bb16px\u00bb header_line_height=\u00bb1.5em\u00bb body_font=\u00bb||||||||\u00bb body_line_height=\u00bb1.8em\u00bb text_orientation=\u00bbcenter\u00bb header_font_size_tablet=\u00bb15px\u00bb header_font_size_phone=\u00bb14px\u00bb header_font_size_last_edited=\u00bbon|phone\u00bb body_font_size_phone=\u00bb14px\u00bb body_font_size_last_edited=\u00bboff|phone\u00bb locked=\u00bboff\u00bb global_colors_info=\u00bb{}\u00bb]<\/p>\n<p>Somos especialistas en el dise\u00f1o y fabricaci\u00f3n de cajas de transmisi\u00f3n mec\u00e1nica y componentes para una amplia gama de maquinaria agr\u00edcola e industrial. Ofrecemos una l\u00ednea robusta de 10 a 15 modelos gen\u00e9ricos y nos destacamos por nuestra capacidad de desarrollar hasta 50 soluciones a medida, adapt\u00e1ndonos a los requerimientos m\u00e1s exigentes de cada proyecto.<\/p>\n<p>[\/et_pb_blurb][\/et_pb_column][et_pb_column type=\u00bb1_2&#8243; _builder_version=\u00bb4.27.4&#8243; background_color=\u00bb#ffffff\u00bb custom_padding=\u00bb40px|40px|40px|40px|true|true\u00bb custom_padding_tablet=\u00bb\u00bb custom_padding_phone=\u00bb|20px||20px|true|true\u00bb custom_padding_last_edited=\u00bbon|phone\u00bb box_shadow_style=\u00bbpreset3&#8243; box_shadow_vertical=\u00bb26px\u00bb box_shadow_blur=\u00bb90px\u00bb box_shadow_spread=\u00bb-14px\u00bb box_shadow_color=\u00bbrgba(0,71,214,0.18)\u00bb global_colors_info=\u00bb{}\u00bb box_shadow_vertical__hover=\u00bb10px\u00bb box_shadow_vertical__hover_enabled=\u00bboff\u00bb box_shadow_blur__hover=\u00bb20px\u00bb box_shadow_blur__hover_enabled=\u00bboff\u00bb box_shadow_color__hover=\u00bb#2585b2&#8243; transform_styles__hover_enabled=\u00bbon\u00bb transform_scale__hover_enabled=\u00bbon\u00bb transform_translate__hover_enabled=\u00bbon\u00bb transform_rotate__hover_enabled=\u00bbon\u00bb transform_skew__hover_enabled=\u00bbon\u00bb transform_origin__hover_enabled=\u00bbon\u00bb transform_scale__hover=\u00bb107%|107%\u00bb][et_pb_blurb title=\u00bb Componentes Estrat\u00e9gicos para un Rendimiento Superior.\u00bb image=\u00bbhttps:\/\/cdcajasdetransmision.com\/wp-content\/uploads\/2025\/07\/GDR-COLOR.png\u00bb _builder_version=\u00bb4.27.4&#8243; header_font=\u00bbHeebo|800|||||||\u00bb header_font_size=\u00bb16px\u00bb header_line_height=\u00bb1.5em\u00bb body_font=\u00bb||||||||\u00bb body_line_height=\u00bb1.8em\u00bb text_orientation=\u00bbcenter\u00bb header_font_size_tablet=\u00bb15px\u00bb header_font_size_phone=\u00bb14px\u00bb header_font_size_last_edited=\u00bbon|phone\u00bb body_font_size_phone=\u00bb14px\u00bb body_font_size_last_edited=\u00bboff|phone\u00bb locked=\u00bboff\u00bb global_colors_info=\u00bb{}\u00bb]<\/p>\n<p><span>En complemento a nuestras transmisiones, GDR ofrece una gama de componentes y accesorios que optimizan el rendimiento y la durabilidad de sus equipos. Dise\u00f1ados bajo los mismos est\u00e1ndares de calidad, aseguran una integraci\u00f3n perfecta y eficiencia garantizada.<\/span><\/p>\n<p>[\/et_pb_blurb][\/et_pb_column][\/et_pb_row][\/et_pb_section][et_pb_section fb_built=\u00bb1&#8243; _builder_version=\u00bb4.27.4&#8243; _module_preset=\u00bbdefault\u00bb global_colors_info=\u00bb{}\u00bb][et_pb_row _builder_version=\u00bb4.27.4&#8243; _module_preset=\u00bbdefault\u00bb global_colors_info=\u00bb{}\u00bb][et_pb_column type=\u00bb4_4&#8243; _builder_version=\u00bb4.27.4&#8243; _module_preset=\u00bbdefault\u00bb global_colors_info=\u00bb{}\u00bb][et_pb_text _builder_version=\u00bb4.27.4&#8243; _module_preset=\u00bb32021f09-dd67-47fb-8f9a-832b72a38baf\u00bb text_font=\u00bb||||||||\u00bb header_2_font=\u00bbChakra Petch|700|||||||\u00bb header_2_text_color=\u00bb#000000&#8243; header_2_font_size=\u00bb70px\u00bb header_2_line_height=\u00bb1.1em\u00bb header_2_font_size_tablet=\u00bb40px\u00bb header_2_font_size_phone=\u00bb24px\u00bb header_2_font_size_last_edited=\u00bbon|phone\u00bb locked=\u00bboff\u00bb global_colors_info=\u00bb{}\u00bb]<\/p>\n<h2><span style=\"color: #e02b20;\">Nuestros Productos<\/span><\/h2>\n<p><span style=\"color: #e02b20;\"><\/span><\/p>\n<p>[\/et_pb_text][et_pb_shop type=\u00bblatest\u00bb posts_number=\u00bb4&#8243; _builder_version=\u00bb4.27.4&#8243; _module_preset=\u00bbdefault\u00bb global_colors_info=\u00bb{}\u00bb][\/et_pb_shop][\/et_pb_column][\/et_pb_row][\/et_pb_section][et_pb_section fb_built=\u00bb1&#8243; admin_label=\u00bbFeatures\u00bb _builder_version=\u00bb4.27.4&#8243; _module_preset=\u00bbdefault\u00bb background_color=\u00bb#FFFFFF\u00bb use_background_color_gradient=\u00bbon\u00bb background_color_gradient_direction=\u00bb90deg\u00bb background_color_gradient_stops=\u00bbgcid-06c4fb61-602a-4769-9e1f-2f335c2b74d4 44%|rgba(135,2,88,0) 44%\u00bb background_color_gradient_overlays_image=\u00bbon\u00bb background_enable_image=\u00bboff\u00bb animation_style=\u00bbslide\u00bb animation_direction=\u00bbleft\u00bb background_last_edited=\u00bbon|tablet\u00bb use_background_color_gradient_tablet=\u00bbon\u00bb background_color_gradient_stops_tablet=\u00bbrgba(255,255,255,0.88) 48%|#ffffff 48%\u00bb background_color_gradient_start_tablet=\u00bbrgba(255,255,255,0.88)\u00bb locked=\u00bboff\u00bb global_colors_info=\u00bb{%22gcid-06c4fb61-602a-4769-9e1f-2f335c2b74d4%22:%91%22background_color_gradient_stops%22%93}\u00bb][et_pb_row column_structure=\u00bb1_2,1_2&#8243; _builder_version=\u00bb4.27.4&#8243; _module_preset=\u00bbdefault\u00bb custom_padding=\u00bb0px||||false|false\u00bb global_colors_info=\u00bb{}\u00bb][et_pb_column type=\u00bb1_2&#8243; _builder_version=\u00bb4.27.4&#8243; _module_preset=\u00bbdefault\u00bb global_colors_info=\u00bb{}\u00bb][et_pb_image src=\u00bbhttps:\/\/cdcajasdetransmision.com\/wp-content\/uploads\/2026\/01\/ChatGPT-Image-22-ene-2026-09_41_15.png\u00bb title_text=\u00bbChatGPT Image 22 ene 2026, 09_41_15&#8243; _builder_version=\u00bb4.27.4&#8243; _module_preset=\u00bbdefault\u00bb box_shadow_style=\u00bbpreset2&#8243; global_colors_info=\u00bb{}\u00bb][\/et_pb_image][\/et_pb_column][et_pb_column type=\u00bb1_2&#8243; _builder_version=\u00bb4.16&#8243; _module_preset=\u00bbdefault\u00bb global_colors_info=\u00bb{}\u00bb][et_pb_text _builder_version=\u00bb4.27.4&#8243; _module_preset=\u00bb32021f09-dd67-47fb-8f9a-832b72a38baf\u00bb text_font=\u00bb||||||||\u00bb header_2_font=\u00bbChakra Petch|700|||||||\u00bb header_2_text_color=\u00bb#000000&#8243; header_2_font_size=\u00bb70px\u00bb header_2_line_height=\u00bb1.1em\u00bb header_2_font_size_tablet=\u00bb40px\u00bb header_2_font_size_phone=\u00bb24px\u00bb header_2_font_size_last_edited=\u00bbon|phone\u00bb locked=\u00bboff\u00bb global_colors_info=\u00bb{}\u00bb]<\/p>\n<h2><span style=\"color: #e02b20;\">Impulsando su productividad.<\/span><\/h2>\n<p><span style=\"color: #e02b20;\"><\/span><\/p>\n<p>[\/et_pb_text][et_pb_blurb title=\u00bbReparaci\u00f3n\u00bb use_icon=\u00bbon\u00bb font_icon=\u00bb&#x52;||divi||400&#8243; icon_color=\u00bb#E02B20&#8243; image_icon_background_color=\u00bb#FFFFFF\u00bb icon_placement=\u00bbleft\u00bb image_icon_width=\u00bb24px\u00bb content_max_width=\u00bb100%\u00bb icon_placement_last_edited=\u00bboff|tablet\u00bb image_icon_width_last_edited=\u00bboff|tablet\u00bb _builder_version=\u00bb4.27.4&#8243; _module_preset=\u00bb5635b989-66d4-4674-b533-7c2fe71428fb\u00bb header_level=\u00bbh5&#8243; header_font=\u00bbChakra Petch|700|||||||\u00bb header_text_color=\u00bb#000000&#8243; header_font_size=\u00bb20px\u00bb header_line_height=\u00bb1.2em\u00bb animation=\u00bboff\u00bb header_font_size_tablet=\u00bb18px\u00bb header_font_size_phone=\u00bb16px\u00bb header_font_size_last_edited=\u00bbon|phone\u00bb locked=\u00bboff\u00bb global_colors_info=\u00bb{%22gcid-a1027310-177f-434f-a6d4-64bc6bfc2d09%22:%91%22icon_color%22,%22icon_color%22%93}\u00bb][\/et_pb_blurb][et_pb_blurb title=\u00bbDiagn\u00f3stico\u00bb use_icon=\u00bbon\u00bb font_icon=\u00bb&#x52;||divi||400&#8243; icon_color=\u00bb#E02B20&#8243; icon_placement=\u00bbleft\u00bb image_icon_width=\u00bb24px\u00bb content_max_width=\u00bb100%\u00bb icon_placement_last_edited=\u00bboff|tablet\u00bb image_icon_width_last_edited=\u00bboff|tablet\u00bb _builder_version=\u00bb4.27.4&#8243; _module_preset=\u00bb5635b989-66d4-4674-b533-7c2fe71428fb\u00bb header_level=\u00bbh5&#8243; header_font=\u00bbChakra Petch|700|||||||\u00bb header_text_color=\u00bb#000000&#8243; header_font_size=\u00bb20px\u00bb header_line_height=\u00bb1.2em\u00bb animation=\u00bboff\u00bb header_font_size_tablet=\u00bb18px\u00bb header_font_size_phone=\u00bb16px\u00bb header_font_size_last_edited=\u00bbon|phone\u00bb locked=\u00bboff\u00bb global_colors_info=\u00bb{%22gcid-a1027310-177f-434f-a6d4-64bc6bfc2d09%22:%91%22icon_color%22,%22icon_color%22%93}\u00bb][\/et_pb_blurb][et_pb_blurb title=\u00bbMantenimiento\u00bb use_icon=\u00bbon\u00bb font_icon=\u00bb&#x52;||divi||400&#8243; icon_color=\u00bb#E02B20&#8243; icon_placement=\u00bbleft\u00bb image_icon_width=\u00bb24px\u00bb content_max_width=\u00bb100%\u00bb icon_placement_last_edited=\u00bboff|tablet\u00bb image_icon_width_last_edited=\u00bboff|tablet\u00bb _builder_version=\u00bb4.27.4&#8243; _module_preset=\u00bb5635b989-66d4-4674-b533-7c2fe71428fb\u00bb header_level=\u00bbh5&#8243; header_font=\u00bbChakra Petch|700|||||||\u00bb header_text_color=\u00bb#000000&#8243; header_font_size=\u00bb20px\u00bb header_line_height=\u00bb1.2em\u00bb animation=\u00bboff\u00bb header_font_size_tablet=\u00bb18px\u00bb header_font_size_phone=\u00bb16px\u00bb header_font_size_last_edited=\u00bbon|phone\u00bb locked=\u00bboff\u00bb global_colors_info=\u00bb{%22gcid-a1027310-177f-434f-a6d4-64bc6bfc2d09%22:%91%22icon_color%22,%22icon_color%22%93}\u00bb][\/et_pb_blurb][et_pb_button button_text=\u00bbVer Servicios\u00bb _builder_version=\u00bb4.27.4&#8243; _module_preset=\u00bba93bd5f4-85ca-4af8-aab9-5954042d5969&#8243; custom_button=\u00bbon\u00bb button_text_size=\u00bb18px\u00bb button_text_color=\u00bb#FFFFFF\u00bb button_bg_color=\u00bb#E02B20&#8243; button_border_width=\u00bb0px\u00bb button_border_radius=\u00bb0px\u00bb button_font=\u00bbExo|600|||||||\u00bb custom_padding=\u00bb18px|40px|18px|40px|true|true\u00bb custom_padding_tablet=\u00bb16px|35px|16px|35px|true|true\u00bb custom_padding_phone=\u00bb14px|30px|14px|30px|true|true\u00bb custom_padding_last_edited=\u00bbon|phone\u00bb button_text_size_tablet=\u00bb17px\u00bb button_text_size_phone=\u00bb16px\u00bb button_text_size_last_edited=\u00bbon|phone\u00bb button_bg_color_last_edited=\u00bboff|desktop\u00bb locked=\u00bboff\u00bb global_colors_info=\u00bb{%22gcid-96ded951-3ae3-46a2-829e-362b8dc8ef96%22:%91%22button_text_color%22%93,%22gcid-0f5dcbc4-ef7e-4c9a-9e04-5e1ca9e86317%22:%91%22button_bg_color%22%93}\u00bb button_bg_color__hover=\u00bb#494949&#8243; button_bg_color__hover_enabled=\u00bbon|hover\u00bb][\/et_pb_button][\/et_pb_column][\/et_pb_row][\/et_pb_section][et_pb_section fb_built=\u00bb1&#8243; admin_label=\u00bbFooter\u00bb _builder_version=\u00bb4.27.4&#8243; _module_preset=\u00bbdefault\u00bb background_enable_color=\u00bboff\u00bb custom_padding=\u00bb180px||181px|||\u00bb saved_tabs=\u00bball\u00bb global_colors_info=\u00bb{}\u00bb][et_pb_row column_structure=\u00bb2_3,1_3&#8243; custom_padding_last_edited=\u00bbon|phone\u00bb _builder_version=\u00bb4.27.4&#8243; _module_preset=\u00bbdefault\u00bb background_color=\u00bbgcid-06c4fb61-602a-4769-9e1f-2f335c2b74d4&#8243; custom_margin_tablet=\u00bb80px||||false|false\u00bb custom_margin_phone=\u00bb60px||||false|false\u00bb custom_margin_last_edited=\u00bboff|desktop\u00bb custom_padding=\u00bb40px|40px|40px|40px|true|true\u00bb custom_padding_tablet=\u00bb30px|30px|30px|30px|true|true\u00bb custom_padding_phone=\u00bb20px|20px|20px|20px|true|true\u00bb animation_style=\u00bbslide\u00bb animation_direction=\u00bbbottom\u00bb box_shadow_style=\u00bbpreset3&#8243; box_shadow_spread=\u00bb8px\u00bb global_colors_info=\u00bb{%22gcid-06c4fb61-602a-4769-9e1f-2f335c2b74d4%22:%91%22background_color%22%93}\u00bb][et_pb_column type=\u00bb2_3&#8243; _builder_version=\u00bb4.16&#8243; _module_preset=\u00bbdefault\u00bb global_colors_info=\u00bb{}\u00bb][et_pb_text _builder_version=\u00bb4.16&#8243; _module_preset=\u00bb3a5fa9a7-7987-4564-89a5-37b87a5b6ad8&#8243; header_font=\u00bb||||||||\u00bb header_3_font=\u00bbChakra Petch|700|||||||\u00bb header_3_text_color=\u00bbgcid-1a0de535-da79-4528-8eb1-c8e564b3cc22&#8243; header_3_font_size=\u00bb50px\u00bb header_3_line_height=\u00bb1.2em\u00bb header_3_font_size_tablet=\u00bb28px\u00bb header_3_font_size_phone=\u00bb20px\u00bb header_3_font_size_last_edited=\u00bbon|phone\u00bb locked=\u00bboff\u00bb global_colors_info=\u00bb{%22gcid-1a0de535-da79-4528-8eb1-c8e564b3cc22%22:%91%22header_3_text_color%22%93}\u00bb]<\/p>\n<h3><span style=\"color: #ffffff;\">\u00bfQuer\u00e9s saber de nosotros?<\/span><\/h3>\n<p>[\/et_pb_text][\/et_pb_column][et_pb_column type=\u00bb1_3&#8243; _builder_version=\u00bb4.16&#8243; _module_preset=\u00bbdefault\u00bb global_colors_info=\u00bb{}\u00bb][et_pb_button button_text=\u00bbIr a Contacto\u00bb button_alignment=\u00bbright\u00bb _builder_version=\u00bb4.27.4&#8243; _module_preset=\u00bb363528df-7a78-4b8b-b056-96826b579607&#8243; custom_button=\u00bbon\u00bb button_text_size=\u00bb18px\u00bb button_text_color=\u00bbgcid-ae51d324-17c0-4ab4-9e2b-ed36d9e113ff\u00bb button_bg_color=\u00bb#FFFFFF\u00bb button_border_width=\u00bb0px\u00bb button_border_radius=\u00bb0px\u00bb button_font=\u00bbExo|600|||||||\u00bb button_use_icon=\u00bboff\u00bb background_layout=\u00bbdark\u00bb custom_padding=\u00bb18px|40px|18px|40px|true|true\u00bb custom_padding_tablet=\u00bb16px|35px|16px|35px|true|true\u00bb custom_padding_phone=\u00bb14px|30px|14px|30px|true|true\u00bb custom_padding_last_edited=\u00bbon|phone\u00bb button_text_size_tablet=\u00bb17px\u00bb button_text_size_phone=\u00bb16px\u00bb button_text_size_last_edited=\u00bbon|phone\u00bb locked=\u00bboff\u00bb global_colors_info=\u00bb{%22gcid-ae51d324-17c0-4ab4-9e2b-ed36d9e113ff%22:%91%22button_text_color%22%93}\u00bb button_bg_color__hover=\u00bb#FFFFFF\u00bb button_bg_color__hover_enabled=\u00bbon|hover\u00bb button_bg_enable_color__hover=\u00bbon\u00bb][\/et_pb_button][\/et_pb_column][\/et_pb_row][\/et_pb_section]<\/p>\n","protected":false},"excerpt":{"rendered":"<p>Somos especialistas en el dise\u00f1o y fabricaci\u00f3n de cajas de transmisi\u00f3n mec\u00e1nica y componentes para una amplia gama de maquinaria agr\u00edcola e industrial. Ofrecemos una l\u00ednea robusta de 10 a 15 modelos gen\u00e9ricos y nos destacamos por nuestra capacidad de desarrollar hasta 50 soluciones a medida, adapt\u00e1ndonos a los requerimientos m\u00e1s exigentes de cada proyecto.En [&hellip;]<\/p>\n","protected":false},"author":1,"featured_media":0,"parent":0,"menu_order":0,"comment_status":"closed","ping_status":"closed","template":"","meta":{"_et_pb_use_builder":"on","_et_pb_old_content":"","_et_gb_content_width":"","footnotes":""},"class_list":["post-23","page","type-page","status-publish","hentry"],"yoast_head":"<!-- This site is optimized with the Yoast SEO plugin v25.4 - https:\/\/yoast.com\/wordpress\/plugins\/seo\/ -->\n<title>Home - CD Cajas de Transminsiones - GDr<\/title>\n<meta name=\"robots\" content=\"index, follow, max-snippet:-1, max-image-preview:large, max-video-preview:-1\" \/>\n<link rel=\"canonical\" href=\"https:\/\/cdcajasdetransmision.com\/\" \/>\n<meta property=\"og:locale\" content=\"es_ES\" \/>\n<meta property=\"og:type\" content=\"article\" \/>\n<meta property=\"og:title\" content=\"Home - CD Cajas de Transminsiones - GDr\" \/>\n<meta property=\"og:description\" content=\"Somos especialistas en el dise\u00f1o y fabricaci\u00f3n de cajas de transmisi\u00f3n mec\u00e1nica y componentes para una amplia gama de maquinaria agr\u00edcola e industrial. Ofrecemos una l\u00ednea robusta de 10 a 15 modelos gen\u00e9ricos y nos destacamos por nuestra capacidad de desarrollar hasta 50 soluciones a medida, adapt\u00e1ndonos a los requerimientos m\u00e1s exigentes de cada proyecto.En [&hellip;]\" \/>\n<meta property=\"og:url\" content=\"https:\/\/cdcajasdetransmision.com\/\" \/>\n<meta property=\"og:site_name\" content=\"CD Cajas de Transminsiones - GDr\" \/>\n<meta property=\"article:modified_time\" content=\"2026-01-28T14:30:29+00:00\" \/>\n<meta name=\"twitter:card\" content=\"summary_large_image\" \/>\n<script type=\"application\/ld+json\" class=\"yoast-schema-graph\">{\"@context\":\"https:\/\/schema.org\",\"@graph\":[{\"@type\":\"WebPage\",\"@id\":\"https:\/\/cdcajasdetransmision.com\/\",\"url\":\"https:\/\/cdcajasdetransmision.com\/\",\"name\":\"Home - CD Cajas de Transminsiones - GDr\",\"isPartOf\":{\"@id\":\"https:\/\/cdcajasdetransmision.com\/#website\"},\"datePublished\":\"2025-07-02T12:25:04+00:00\",\"dateModified\":\"2026-01-28T14:30:29+00:00\",\"breadcrumb\":{\"@id\":\"https:\/\/cdcajasdetransmision.com\/#breadcrumb\"},\"inLanguage\":\"es\",\"potentialAction\":[{\"@type\":\"ReadAction\",\"target\":[\"https:\/\/cdcajasdetransmision.com\/\"]}]},{\"@type\":\"BreadcrumbList\",\"@id\":\"https:\/\/cdcajasdetransmision.com\/#breadcrumb\",\"itemListElement\":[{\"@type\":\"ListItem\",\"position\":1,\"name\":\"Portada\",\"item\":\"https:\/\/cdcajasdetransmision.com\/\"},{\"@type\":\"ListItem\",\"position\":2,\"name\":\"Home\"}]},{\"@type\":\"WebSite\",\"@id\":\"https:\/\/cdcajasdetransmision.com\/#website\",\"url\":\"https:\/\/cdcajasdetransmision.com\/\",\"name\":\"CD Cajas de Transminsiones - GDr\",\"description\":\"SOMOS PROVEEDORES DE INDUTRIAS METALURGICAS. FABRICANTE DE IMPLEMENTOS AGRICOLAS Y MAQUINARIAS DONDE SE REQUIERA TRANSMISION MECANICA DE POTENCIA , LINEAL O ANGULAR.\",\"potentialAction\":[{\"@type\":\"SearchAction\",\"target\":{\"@type\":\"EntryPoint\",\"urlTemplate\":\"https:\/\/cdcajasdetransmision.com\/?s={search_term_string}\"},\"query-input\":{\"@type\":\"PropertyValueSpecification\",\"valueRequired\":true,\"valueName\":\"search_term_string\"}}],\"inLanguage\":\"es\"}]}<\/script>\n<!-- \/ Yoast SEO plugin. -->","yoast_head_json":{"title":"Home - CD Cajas de Transminsiones - GDr","robots":{"index":"index","follow":"follow","max-snippet":"max-snippet:-1","max-image-preview":"max-image-preview:large","max-video-preview":"max-video-preview:-1"},"canonical":"https:\/\/cdcajasdetransmision.com\/","og_locale":"es_ES","og_type":"article","og_title":"Home - CD Cajas de Transminsiones - GDr","og_description":"Somos especialistas en el dise\u00f1o y fabricaci\u00f3n de cajas de transmisi\u00f3n mec\u00e1nica y componentes para una amplia gama de maquinaria agr\u00edcola e industrial. Ofrecemos una l\u00ednea robusta de 10 a 15 modelos gen\u00e9ricos y nos destacamos por nuestra capacidad de desarrollar hasta 50 soluciones a medida, adapt\u00e1ndonos a los requerimientos m\u00e1s exigentes de cada proyecto.En [&hellip;]","og_url":"https:\/\/cdcajasdetransmision.com\/","og_site_name":"CD Cajas de Transminsiones - GDr","article_modified_time":"2026-01-28T14:30:29+00:00","twitter_card":"summary_large_image","schema":{"@context":"https:\/\/schema.org","@graph":[{"@type":"WebPage","@id":"https:\/\/cdcajasdetransmision.com\/","url":"https:\/\/cdcajasdetransmision.com\/","name":"Home - CD Cajas de Transminsiones - GDr","isPartOf":{"@id":"https:\/\/cdcajasdetransmision.com\/#website"},"datePublished":"2025-07-02T12:25:04+00:00","dateModified":"2026-01-28T14:30:29+00:00","breadcrumb":{"@id":"https:\/\/cdcajasdetransmision.com\/#breadcrumb"},"inLanguage":"es","potentialAction":[{"@type":"ReadAction","target":["https:\/\/cdcajasdetransmision.com\/"]}]},{"@type":"BreadcrumbList","@id":"https:\/\/cdcajasdetransmision.com\/#breadcrumb","itemListElement":[{"@type":"ListItem","position":1,"name":"Portada","item":"https:\/\/cdcajasdetransmision.com\/"},{"@type":"ListItem","position":2,"name":"Home"}]},{"@type":"WebSite","@id":"https:\/\/cdcajasdetransmision.com\/#website","url":"https:\/\/cdcajasdetransmision.com\/","name":"CD Cajas de Transminsiones - GDr","description":"SOMOS PROVEEDORES DE INDUTRIAS METALURGICAS. FABRICANTE DE IMPLEMENTOS AGRICOLAS Y MAQUINARIAS DONDE SE REQUIERA TRANSMISION MECANICA DE POTENCIA , LINEAL O ANGULAR.","potentialAction":[{"@type":"SearchAction","target":{"@type":"EntryPoint","urlTemplate":"https:\/\/cdcajasdetransmision.com\/?s={search_term_string}"},"query-input":{"@type":"PropertyValueSpecification","valueRequired":true,"valueName":"search_term_string"}}],"inLanguage":"es"}]}},"_links":{"self":[{"href":"https:\/\/cdcajasdetransmision.com\/index.php?rest_route=\/wp\/v2\/pages\/23","targetHints":{"allow":["GET"]}}],"collection":[{"href":"https:\/\/cdcajasdetransmision.com\/index.php?rest_route=\/wp\/v2\/pages"}],"about":[{"href":"https:\/\/cdcajasdetransmision.com\/index.php?rest_route=\/wp\/v2\/types\/page"}],"author":[{"embeddable":true,"href":"https:\/\/cdcajasdetransmision.com\/index.php?rest_route=\/wp\/v2\/users\/1"}],"replies":[{"embeddable":true,"href":"https:\/\/cdcajasdetransmision.com\/index.php?rest_route=%2Fwp%2Fv2%2Fcomments&post=23"}],"version-history":[{"count":36,"href":"https:\/\/cdcajasdetransmision.com\/index.php?rest_route=\/wp\/v2\/pages\/23\/revisions"}],"predecessor-version":[{"id":424,"href":"https:\/\/cdcajasdetransmision.com\/index.php?rest_route=\/wp\/v2\/pages\/23\/revisions\/424"}],"wp:attachment":[{"href":"https:\/\/cdcajasdetransmision.com\/index.php?rest_route=%2Fwp%2Fv2%2Fmedia&parent=23"}],"curies":[{"name":"wp","href":"https:\/\/api.w.org\/{rel}","templated":true}]}}